ivided by (-8)/52 - 4932/(-117)?
4
Let x = 1 - -3. Calculate the remainder when 5 is divided by -3*x/(-6)*1.
1
Let x(k) = k**2 + 2*k + 3. Let w be x(3). Suppose w = 5*z - p, 0*z - 5*z + 14 = -3*p. Suppose -9 = -z*g + 35. Calculate the remainder when 32 is divided by g.
10
Suppose -5*p + 3*u = 121, 74 + 1 = -3*p + 3*u. Let r = 102 + p. What is the remainder when r is divided by 45*-1*(-9)/15?
25
Let g(h) = -h - 3. What is the remainder when 13 is divided by g(-14)?
2
Let b(l) = l**3 + 19*l**2 + 10*l + 18. Let d be b(-19). Let z = -110 - d. What is the remainder when z is divided by 16?
14
Let o(p) = p**3 + 12*p**2 - 8*p + 76. What is the remainder when 467 is divided by o(-13)?
5
Suppose -g - 46 = 4*y - 108, 3*y = 2*g - 80. Suppose -3*r + 4*t = -42, -293*r + t = -290*r - 51. What is the remainder when g is divided by r?
10
Suppose 3*k + 9 = 5*o, 2*o - 4 = -2*k + 3*k. Suppose -k*f + 52 = 6. What is the remainder when f is divided by 70/6 - (-1)/3?
11
Let w(c) = -13*c**2 + 5*c - 40 + 13 - 13*c**2 + 29*c**2. What is the remainder when w(-7) is divided by 22?
19
Let k = -16 - -11. Let v = k + 5. Suppose v = 6*q - 8*q + 14. Calculate the remainder when 27 is divided by q.
6
Let s = -98 + 102. Let h be ((-1)/(-1))/(4/52). Suppose 0*k + h = k. Calculate the remainder when k is divided by s.
1
Let d = 82 - 85. Let f(g) = -3*g**3 - 4*g**2 - g. Calculate the remainder when 190 is divided by f(d).
46
Suppose -z = -3*y + 5*y - 20, 0 = -5*y - z + 47. Let b(x) = -5*x**3 - 2*x**2 - x. Calculate the remainder when y is divided by b(-1).
1
Suppose -2*n = 5*y - 2*y - 24, 3*n - 2 = 4*y. What is the remainder when 66 is divided by (n/(-9))/(2/(-51))?
15
Suppose 5*w - 126 = 3*w. Let x be 8/(-14) + 792/w. What is the remainder when -6*1*(-44)/x is divided by 8?
6
Let g = -13 + 16. Suppose 108 = -0*b - g*b + 4*p, 4*b = -2*p - 166. Let l = b + 43. What is the remainder when 3 is divided by l?
0
Let d(z) = z**2 + 2. Let s be d(2). Suppose s*i = 4*i + 176. Suppose 12*c - i = 8*c. Calculate the remainder when c is divided by 13.
9
Suppose 4*a - 88 = -4*n, -a - 46 = -3*a - n. Calculate the remainder when 4/(-18) + 4361/63 - -1 is divided by a.
22
Let b be (-3)/((-2)/(-10)*(5 - 4)). Let z = -10 - b. What is the remainder when 13 is divided by z?
3
Suppose -2*i + 10 = -2*p + 58, 2*p + 4*i - 54 = 0. Suppose -48 = -2*o + 96. Calculate the remainder when o is divided by p.
22
Suppose -t = 0, -x + 4*x - 5*t + 78 = 0. Suppose 73 = 3*m + 4*n - 32, -5*m - n = -175. Let p = x + m. Calculate the remainder when 35 is divided by p.
8
Let w = -27 - -49. Suppose -3*q - 4*k + 1550 = 0, -2*q + 2555 = 3*q + k. What is the remainder when 4/16 - q/(-8) is divided by w?
20
Let d(l) = -65*l + 5041. Suppose -5*h - 121 = -376. What is the remainder when d(76) is divided by h?
50
Suppose -54 = -z + 15. Let p = -18 - -27. Let h(y) = -y**2 + 9*y + 24. What is the remainder when z is divided by h(p)?
21
Let u be (-7 - -4) + -3 + 34. Let m = 91 - u. What is the remainder when m is divided by 13?
11
What is the remainder when (238/4)/((-50)/(-200)) is divided by 12?
10
Let f = -17 + 40. Suppose -3*g + 38 = -2*g - 2*k, -f = -g - k. Suppose -5*s + 7*y - 4*y = -410, -5*y = 5*s - 410. What is the remainder when s is divided by g?
26
Let t be (-3 - 0/(-3)) + 42. Let l = t + -7. What is the remainder when (l - 3) + -2 - -2 is divided by 15?
14
Let d = 84 - 91. Calculate the remainder when (d - -4) + (46 - 2) is divided by 22.
19
Let f(c) = -3*c**3 + 8*c**2 - 2*c + 11. What is the remainder when f(-4) is divided by 69?
63
Suppose 5*b = -3*o + 173, 8 = -4*o + 12. Calculate the remainder when 199 is divided by b.
29
Suppose 206 + 354 = 35*y. What is the remainder when 73 is divided by y?
9
Suppose -j = 1 - 4. Suppose 5*b - 5*r = -j*r + 38, b = r + 10. Calculate the remainder when 17 is divided by b.
5
Let w = -23 + 51. Let d(u) = u**3 - 4*u**2 + 2*u + 3. Let c be d(8). Suppose 6*z - z = c. Calculate the remainder when z is divided by w.
27
Suppose -3*q + 5*q = 22. Let l = q - -2. Calculate the remainder when l is divided by 5.
3
Let n be 0/(-4 - -2 - 0). Let j = 887 - 880. Calculate the remainder when n - -1 - 25/(-1) is divided by j.
5
Let h = -16 + 76. Suppose 0 = -u - 4*u - 10. What is the remainder when h is divided by (u + 5)/((-1)/(-6)) + 3?
18
Calculate the remainder when 1509 is divided by 37/185 - 628/(-10).
60
Suppose -3*o - 330 = -2*m, -5*o - 185 = -3*m + 366. Let c = 161 + o. Calculate the remainder when c is divided by 26.
23
Suppose 7*i - i - 42 = 0. Suppose -4*x + 2*x - 2*c + 28 = 0, -5*c - 35 = -2*x. Calculate the remainder when x is divided by i + (-2 - (0 + 0)).
0
What is the remainder when -1*1684/(-14) - 78/273 is divided by 33?
21
Calculate the remainder when -5 - -2 - 2*398/(-4) is divided by 103.
93
Let o(m) = -m - 14. Calculate the remainder when 70 is divided by o(-29).
10
Let v = -103 - -165. Calculate the remainder when v is divided by 10.
2
Let w = -38 + 80. What is the remainder when 207 is divided by w?
39
Suppose -2*v + 2 + 4 = 0. Let o be v*-1*(4 - 3). Calculate the remainder when 13 is divided by (-1 - o) + 1 + 2.
3
Suppose 3*s + 5 = -3*o + 23, -s = 2*o - 11. Suppose -5*x + 0*x + 10 = 0. What is the remainder when x is divided by s?
0
Let v = 16 + 36. Suppose 0 = 164*d - 136*d - 140. Calculate the remainder when v is divided by d.
2
Suppose -3*i + 71 = 5*n, -2*n - 40 = 5*i - 133. Let u(d) = 2*d + 1. Let t be u(7). Suppose -11*g + t*g = 20. Calculate the remainder when i is divided by g.
2
Let n(d) be the first derivative of d**3/3 + d**2/2 - 4*d - 23. What is the remainder when n(6) is divided by 7?
3
Suppose 6*u = 3*u - 2*u. Let h(o) = -o**3 - o**2 + 18. Calculate the remainder when 51 is divided by h(u).
15
Let a(q) = -71*q + 23*q + 15*q + 25*q + 10. What is the remainder when 115 is divided by a(-6)?
57
Let k = 14 - 10. Suppose 25 = 3*h + 2*h, k*z - 4*h = 68. Let n = z + 37. What is the remainder when n is divided by 20?
19
Suppose 21 = -3*u + 4*u + 2*d, u + 3*d - 20 = 0. Let z(n) be the first derivative of n**3 - n**2 + 2*n - 1. Calculate the remainder when z(5) is divided by u.
21
Let d = 22 - -46. Let u = d + -36. Calculate the remainder when u is divided by 12.
8
Let q be -4 - (-2 + (-4 - 1)). Suppose -25 = 2*d - 5*d - r, 2*r + 13 = 3*d. Calculate the remainder when 0 - ((-109)/4 - q/(-12)) is divided by d.
6
Let z(r) = -7*r + 164. What is the remainder when 61 is divided by z(21)?
10
Calculate the remainder when 143 is divided by (-4)/30*-10*12.
15
What is the remainder when 385 is divided by (78/5)/(19/95)?
73
Suppose 0 = 3*j - 2*d - 28, -5*j - 3*d + 3 + 12 = 0. Suppose 14 = i - j. Calculate the remainder when 59 is divided by i.
19
Let g be 1*(-4 - (-11)/((-22)/(-72))). Let z = 241 - g. What is the remainder when z is divided by 53?
50
What is the remainder when (155/(-20) + 2)*-4 is divided by 5?
3
Suppose -226*s = 5*b - 228*s - 61, -b = -5*s - 26. Calculate the remainder when b is divided by 3.
2
Calculate the remainder when (42/(-4))/(12 + (-855)/70) is divided by 13.
10
Suppose 4110 = 46*z - 1272. What is the remainder when z is divided by 45?
27
Suppose 0 = 99*m - 9*m - 2520. What is the remainder when 468 is divided by m?
20
Let t = -18 - -11. What is the remainder when -5 + 2 - t - -78 is divided by 21?
19
Suppose -536 = 2*k - 3*k + 4*d, -2*k + 1042 = 2*d. Suppose 5*i = n - k, n - 4*i = -8*i + 515. What is the remainder when (-3)/(n/(-129) + 4) is divided by 33?
30
Let t = 25 + -15. What is the remainder when t is divided by 1/2*(-3 - -7)?
0
Suppose -3*s = 5*f - 34, 3*f + 0 = 2*s + 9. Suppose 3 = 3*n - s. Suppose 27 = -n*j + 3*j. Calculate the remainder when j is divided by 10.
7
Calculate the remainder when (-1)/(-2) + -3*(-918)/12 is divided by 58.
56
Suppose 0*u - 8 = -u + c, 5*c = 4*u - 30. Let w = -4 + u. Let r = 1 + w. What is the remainder when 26 is divided by r?
5
Calculate the remainder when 317 is divided by 7/(-22)*-166 - 6/(-33).
52
Let m(y) be the second derivative of -y**5/20 - 2*y**4/3 - y**3/2 + 4*y**2 + 22*y. What is the remainder when 157 is divided by m(-8)?
29
Let x = 161 + -41. Let d = 136 - x. Let t = 6 + 4. What is the remainder when d is divided by t?
6
Let u = -2360 + 2502. Calculate the remainder when u is divided by 35.
2
Calcul